t j(y) = -257*y + 765. Give j(3).
-6
Let x(n) = -n**2 - 50*n - 178. Calculate x(-5).
47
Let m(i) = -4*i**3 - 241*i**2 - 61*i - 121. What is m(-60)?
-61
Let i(q) = 11*q**2 + 64*q - 216. Calculate i(-8).
-24
Let y(n) = 11*n - 431. What is y(39)?
-2
Let u(o) = -7*o - 41. Give u(-15).
64
Let r(g) = 2*g**2 + 112*g - 887. Determine r(-63).
-5
Let k(d) = -d**2 - 77*d + 67. Determine k(-78).
-11
Let s(z) = 8*z**2 + 73*z + 3. Give s(-7).
-116
Let w(g) = 94*g**3 - 12*g**2 + 6*g + 6. Determine w(1).
94
Let h(z) = 55*z + 46. Determine h(-3).
-119
Let x(j) = 71*j - 306. What is x(2)?
-164
Let w(u) = 2*u**2 + 32*u - 66. Calculate w(-17).
-32
Let f(l) = 2*l**2 - 105*l + 174. Calculate f(49).
-169
Let y(u) = -u**3 + 2*u**2 - 5*u + 18. Calculate y(5).
-82
Let t(v) = v**2 - 57*v - 2153. What is t(-26)?
5
Let f(a) = 5*a**2 - 17*a + 25. Determine f(8).
209
Let v(f) = -15*f + 180. Determine v(13).
-15
Let r(q) = -524*q - 20397. Determine r(-39).
39
Let c(i) = 2*i**3 - 28*i**2 + 36*i - 76. Give c(13).
54
Let n(a) = 74*a + 27. What is n(2)?
175
Let b(r) = 4*r**3 - 44*r**2 + 14*r - 11. Give b(10).
-271
Let n(c) = -12*c**2 + 326*c - 47. What is n(27)?
7
Let w(t) = 1086*t - 13027. What is w(12)?
5
Let y(f) = -57*f + 2474. What is y(44)?
-34
Let h(y) = -y**3 - 17*y**2 - 23*y - 37. What is h(-15)?
-142
Let r(t) = -6*t**2 + 53*t + 5. What is r(9)?
-4
Let v(i) = i - 29. Give v(34).
5
Let v(l) = -21*l + 323. Calculate v(14).
29
Let p(s) = -18*s - 94. What is p(7)?
-220
Let z(t) = 3*t + 142. Calculate z(-29).
55
Let p(a) = a**2 + 107*a + 1530. Calculate p(-90).
0
Let r(y) = 8*y**2 - 16*y + 33. Calculate r(2).
33
Let k(d) = -2*d**3 + 44*d**2 + 6*d - 128. Calculate k(22).
4
Let n(y) = -374*y - 2242. Determine n(-6).
2
Let d(u) = -328*u**2 + 26*u - 26. Give d(1).
-328
Let c(u) = u**3 + 8*u**2 - 31*u - 113. What is c(-10)?
-3
Let k(v) = -2*v**3 + 42*v**2 - 46*v - 10. Calculate k(20).
-130
Let o(c) = 1311*c - 17050. What is o(13)?
-7
Let n(m) = 119*m - 4387. What is n(37)?
16
Let q(u) = -8*u**2 - 22*u + 81. Calculate q(-5).
-9
Let p(d) = -36*d + 461. Calculate p(13).
-7
Let k(t) = 2*t**3 - 49*t**2 - 36*t + 228. Determine k(25).
-47
Let d(m) = -653*m + 16318. Give d(25).
-7
Let s(y) = y**2 - 10*y - 90. Determine s(-7).
29
Let w(c) = -3*c**3 - 23*c**2 + c - 16. What is w(-8)?
40
Let n(k) = k**2 - 31. Give n(-6).
5
Let x(d) = d**2 + 35*d - 229. Determine x(-41).
17
Let b(u) = -2*u**2 - 53*u - 363. Calculate b(-8).
-67
Let t(c) = -c**3 - 23*c**2 + 22*c + 149. Determine t(-24).
197
Let a(n) = 45*n - 1918. Give a(41).
-73
Let t(g) = g**3 - 330*g**2 - 665*g + 329. What is t(332)?
-3
Let h(p) = p**3 - 81*p**2 + 160*p - 133. Determine h(79).
25
Let w(z) = -2*z**2 - 120*z - 704. What is w(-8)?
128
Let l(m) = -29*m + 1475. Calculate l(53).
-62
Let f(r) = 40*r**2 - 16*r - 6. Give f(1).
18
Let p(b) = b**2 - 27*b - 77. Give p(-3).
13
Let h(i) = -18*i + 115. Give h(7).
-11
Let x(y) = -y**3 - 36*y**2 + 79*y + 121. Determine x(-38).
7
Let q(g) = 7*g**2 - 247*g + 76. What is q(35)?
6
Let p(a) = -75*a - 4. Determine p(-1).
71
Let v(c) = -c**3 - 5*c**2 + 124*c + 481. Calculate v(-12).
1
Let n(j) = -7*j**3 - 26*j**2 + 2*j - 27. Calculate n(-4).
-3
Let t(s) = 2*s**3 - 9*s**2 - 134*s - 111. Calculate t(11).
-12
Let a(f) = 9*f - 110. Calculate a(39).
241
Let i(t) = -686*t - 8927. Calculate i(-13).
-9
Let b(q) = -6*q**2 + 5*q - 3. Calculate b(4).
-79
Let r(c) = 759*c - 3898. Determine r(5).
-103
Let q(d) = 144*d + 954. Calculate q(-6).
90
Let a(q) = -6*q - 217. Determine a(-42).
35
Let k(v) = -77*v + 4999. Determine k(65).
-6
Let f(d) = d**3 - 53*d**2 + 4*d - 129. Determine f(53).
83
Let b(c) = -43*c - 1426. Determine b(-33).
-7
Let h(m) = -143*m**2 + 16*m + 17. Determine h(2).
-523
Let x(j) = j**3 - 51*j**2 + 146*j - 92. Give x(48).
4
Let k(d) = 95*d**2 + 409*d + 116. Determine k(-4).
0
Let c(p) = 289*p - 3457. Give c(12).
11
Let v(y) = -y**3 + 7*y**2 - 14*y + 15. Calculate v(6).
-33
Let d(t) = t**2 - 47*t + 20. Calculate d(47).
20
Let q(t) = -28*t - 9. Determine q(-10).
271
Let u(h) = 3*h**2 + 48*h + 15. Calculate u(-8).
-177
Let q(l) = l**2 - 10*l + 19. Determine q(5).
-6
Let b(s) = -s**2 + 92*s + 4300. Determine b(126).
16
Let t(u) = 4*u**2 - 24*u - 12. Give t(5).
-32
Let n(r) = -4*r**2 + 419*r - 3031. Give n(97).
-24
Let y(m) = 2*m**2 + 23*m - 567. What is y(-23)?
-38
Let g(h) = 26*h**2 + 68*h + 12. Determine g(-6).
540
Let o(u) = -22*u + 498. Calculate o(29).
-140
Let v(q) = -q**3 - 64*q**2 - 138*q - 4732. Calculate v(-63).
-7
Let l(a) = -25*a - 48. Give l(2).
-98
Let h(v) = -47*v**2 + 138*v + 3. Give h(3).
-6
Let l(r) = -2233*r + 35709. Give l(16).
-19
Let h(n) = 34*n - 2119. Give h(62).
-11
Let f(o) = 41*o**2 + 9*o - 7. Calculate f(-3).
335
Let d(y) = -6*y - 184. Determine d(-13).
-106
Let t(j) = -3173*j + 15866. What is t(5)?
1
Let q(m) = 1774*m + 7060. Determine q(-4).
-36
Let l(b) = b**2 + 10264*b + 82054. Give l(-8).
6
Let c(x) = 176*x + 2461. Calculate c(-14).
-3
Let y(z) = -1129*z - 3389. Calculate y(-3).
-2
Let b(h) = -82*h - 242. What is b(-3)?
4
Let p(x) = 143*x + 1256. Give p(-9).
-31
Let w(u) = -u**3 + 5*u**2 + 204*u + 9. Determine w(-12).
9
Let z(s) = s**2 - 17*s - 62. Calculate z(16).
-78
Let b(f) = 18*f**2 - 21*f - 65. Calculate b(-3).
160
Let v(n) = -3*n**2 - 39*n - 96. What is v(-10)?
-6
Let u(i) = -i**3 + 41*i**2 - 339*i - 62. Determine u(13).
263
Let k(s) = s**2 - 64*s + 970. Determine k(24).
10
Let x(o) = -o**2 + 18761*o - 75027. Give x(4).
1
Let g(s) = -s**3 - 227*s**2 - 18*s - 4083. What is g(-227)?
3
Let n(k) = -264*k - 165. Give n(-2).
363
Let a(f) = -f**3 - 53*f**2 - 99*f + 160. Calculate a(-51).
7
Let f(j) = -556*j + 4322. Calculate f(8).
-126
Let t(m) = -302*m + 2343. Give t(8).
-73
Let f(y) = -2*y**2 + 24*y + 136. Calculate f(17).
-34
Let f(i) = -83*i + 1086. Calculate f(13).
7
Let a(l) = -l**3 + 24*l**2 - 22*l - 47. Calculate a(23).
-24
Let q(s) = 422*s - 55292. Calculate q(131).
-10
Let u(b) = -3*b**3 - 18*b**2 - 20*b - 123. What is u(-6)?
-3
Let m(t) = -996*t - 106586. Calculate m(-107).
-14
Let i(h) = -h**2 - 159*h + 4245. Determine i(23).
59
Let d(i) = i**3 + 9*i**2 + 13*i + 111. Give d(-9).
-6
Let t(w) = w**3 - 117*w**2 - 359*w - 161. What is t(120)?
-41
Let d(z) = 301*z - 1493. What is d(5)?
12
Let i(v) = -6*v**2 - 166*v - 865. Calculate i(-7).
3
Let x(n) = 83*n + 3250. Determine x(-39).
13
Let n(r) = 2*r**3 + 13*r**2 - 46*r + 3. What is n(-9)?
12
Let t(f) = 4*f**3 + 5*f**2 - 4*f + 34. Determine t(3).
175
Let k(j) = -j**2 + 12*j + 105. Calculate k(-5).
20
Let z(y) = 10*y**2 + 100*y - 204. What is z(2)?
36
Let a(w) = 111*w**3 + 2*w**2 + 14*w + 14. Determine a(-1).
-109
Let i(l) = 8*l**2 - 970*l + 363. Give i(121).
121
Let g(p) = p**3 + 114*p**2 - 225*p + 817. Give g(-116).
5
Let y(p) = -2*p**3 + 30*p**2 + 36*p - 107. Calculate y(16).
-43
Let m(w) = -6*w**2 + 150*w - 3. Calculate m(25).
-3
Let u(d) = -83*d - 619. Determine u(-13).
460
Let l(u) = -17*u**2 - 71*u - 8. Calculate l(-4).
4
Let w(v) = 38*v + 435. Give w(-12).
-21
Let q(n) = 6672*n + 206834. Calculate q(-31).
2
Let o(i) = 5*i**3 + 61*i**2 - 4*i - 20. Calculate o(-12).
172
Let p(a) = 2*a**3 - a**2 + 4*a + 186. Give p(0).
186
Let c(r) = 20*r - 1574. What is c(79)?
6
Let t(b) = -12*b - 90. Calculate t(13).
-246
Let v(a) = 7*a**3 + 79*a**2 + 15*a - 54. Give v(-11).
23
Let y(h) = -459*h**2 - 941*h - 36. Give y(-2).
10
Let v(s) = s**3 + s**2 + 5*s + 6. What is v(0)?
6
Let s(f) = f**2 - f + 62. Determine s(9).
134
Let o(x) = -9*x**3 - x**2 - 2*x - 54. What is o(0)?
-54
Let c(b) = b**3 + 6*b**2 - 2*b + 24. What is c(-7)?
-11
Let w(x) = -62*x - 11227. Determine w(-181).
-5
Let q(w) = w**3 + 2*w**2 - 5*w + 19. Calculate q(5).
169
Let u(o) = o**3 + 7*o**2 + 94*o + 658. Give u(-7).
0
Let z(i) = -40*i**3 + 21*i + 35. Give z(0).
35
Let b(a) = -10*a + 108. What is b(12)?
-12
Let p(f) = -32*f + 2. Calculate p(-2).
66
Let s(i) = 2*i**2 - 57*i + 126. Determine s(26).
-4
Let s(k) = -36*k + 29. What is s(-6)?
245
Let a(z) = -z**3 + 4*z**2 - 425*z - 8402. What is a(-13)?
-4
Let x(n) = n**3 - 68*n**2 + 924*n + 352. Give x(49).
9
Let w(l) = -3*l**2 - 5157*l - 5156. Determine w(-1).
-2
Let j(q) = 27*q**2 + 83*q + 17. Calculate j(-3).
11
Let d(j) = -j**2 + 22*j + 300. What is d(33)?
-63
Let q(l) = -2*l**2 - 35*l + 235. Give 